{"id":6641,"date":"2025-11-20T14:53:40","date_gmt":"2025-11-20T14:53:40","guid":{"rendered":"https:\/\/migrats.es\/?page_id=6641"},"modified":"2025-11-20T14:53:40","modified_gmt":"2025-11-20T14:53:40","slug":"info","status":"publish","type":"page","link":"https:\/\/migrats.es\/","title":{"rendered":"INFO"},"content":{"rendered":"<p>[vc_row][vc_column][vc_column_text]<\/p>\n<h2 style=\"text-align: center;\"><strong>QUI SOM I QU\u00c8 FEM?<\/strong><\/h2>\n<p>&nbsp;<\/p>\n<p style=\"text-align: center;\" data-start=\"41\" data-end=\"209\"><span style=\"font-size: 14pt;\"><strong data-start=\"41\" data-end=\"209\">Migrats Dansa \u00e9s un cicle anual de dansa contempor\u00e0nia emergent, organitzat pel col\u00b7lectiu Inestable juntament amb el Consorci de Museus de la Comunitat Valenciana.<\/strong><\/span><\/p>\n<p>[\/vc_column_text][vc_empty_space height=&#8221;70px&#8221;][\/vc_column][\/vc_row][vc_row][vc_column width=&#8221;1\/2&#8243;][vc_column_text]<\/p>\n<div class=\"wpb_text_column wpb_content_element \">\n<div class=\"wpb_wrapper\"><\/div>\n<div class=\"wpb_wrapper\">\n<p style=\"text-align: center;\" data-start=\"211\" data-end=\"538\"><span style=\"font-size: 12pt;\">El seu objectiu principal \u00e9s donar visibilitat a joves creadors i creadores de dansa valencians\/es que han migrat (ja siga a altres ciutats d\u2019Espanya o a l\u2019estranger) per formar-se o desenvolupar-se professionalment, aix\u00ed com a talents que estan sorgint i que encara no han tingut moltes oportunitats de mostrar el seu treball.<\/span><\/p>\n<p style=\"text-align: center;\" data-start=\"540\" data-end=\"760\"><span style=\"font-size: 12pt;\">Migrats Dansa busca generar un espai de di\u00e0leg i trobada entre artistes joves que venen de fora i les que continuen a la Comunitat Valenciana, promovent una escena de dansa diversa, experimental, moderna i internacional.<\/span><\/p>\n<p style=\"text-align: center;\" data-start=\"762\" data-end=\"1066\"><span style=\"font-size: 12pt;\">Cada edici\u00f3 del cicle inclou principalment peces de format mitj\u00e0 o curt, moltes d\u2019elles de car\u00e0cter experimental, signades per joves menors de 35 anys. A m\u00e9s, el cicle tamb\u00e9 ofereix la <strong>beca Migrats<\/strong>, que permet a un o diversos creadors desenvolupar una pe\u00e7a llarga per estrenar-la en una edici\u00f3 posterior.<\/span><\/p>\n<p style=\"text-align: center;\" data-start=\"1068\" data-end=\"1505\"><span style=\"font-size: 12pt;\">La programaci\u00f3 de Migrats Dansa s\u2019ha expandit amb els anys: no sols se celebra a <strong>Val\u00e8ncia<\/strong> (en espais com el Centre del Carme o Inestable), sin\u00f3 que tamb\u00e9 ha arribat a altres prov\u00edncies valencianes, com <strong>Alacant i Castell\u00f3<\/strong>.<strong>\u00a0<\/strong><\/span><\/p>\n<\/div>\n<\/div>\n<p>[\/vc_column_text][\/vc_column][vc_column width=&#8221;1\/2&#8243;][vc_empty_space height=&#8221;10px&#8221;][vc_images_carousel images=&#8221;6644,6649,6648,6646,6645,6647&#8243; img_size=&#8221;600&#215;1000&#8243; slides_per_view=&#8221;2&#8243; autoplay=&#8221;yes&#8221; wrap=&#8221;yes&#8221; css_animation=&#8221;fadeIn&#8221;][\/vc_column][vc_column][vc_empty_space height=&#8221;45px&#8221;][vc_column_text]<\/p>\n<h3 style=\"text-align: center;\"><strong>PREUS<\/strong><\/h3>\n<p style=\"text-align: center;\"><span style=\"font-size: 12pt;\">L\u2019entrada les activitats \u00e9s<strong> gratu\u00efta<\/strong> en tots els espais <strong>excepte a Inestable<\/strong>, on la programaci\u00f3 funciona amb preu d\u2019entrada. Els imports i descomptes poden consultar-se directament en l\u2019apartat \u2018programaci\u00f3\u2019.<\/span><\/p>\n<p>[\/vc_column_text][vc_empty_space height=&#8221;45px&#8221;][vc_images_carousel images=&#8221;6696,6695,6693,6694&#8243; img_size=&#8221;full&#8221; slides_per_view=&#8221;4&#8243; hide_prev_next_buttons=&#8221;yes&#8221;][\/vc_column][\/vc_row][vc_row][vc_column][vc_empty_space height=&#8221;80px&#8221;][vc_column_text]<\/p>\n<p style=\"text-align: center;\"><em><span style=\"font-size: 12pt;\">Migrats Dansa \u00e9s una oportunitat perfecta per descobrir l\u2019energia, el risc i la creativitat de la dansa valenciana m\u00e9s jove. Si t\u2019interessa la creaci\u00f3 contempor\u00e0nia o simplement vols deixar-te sorprendre, aquest cicle \u00e9s una porta oberta a noves mirades, nous cossos i noves maneres d\u2019entendre el moviment. T\u2019invitem a explorar-lo i viure\u2019l de prop.<\/span><\/em><\/p>\n<p>[\/vc_column_text][\/vc_column][\/vc_row]<\/p>\n","protected":false},"excerpt":{"rendered":"<p>[vc_row][vc_column][vc_column_text] QUI SOM I QU\u00c8 FEM? &nbsp; Migrats Dansa \u00e9s un cicle anual de dansa contempor\u00e0nia emergent, organitzat pel col\u00b7lectiu Inestable juntament amb el Consorci de Museus de la Comunitat Valenciana. [\/vc_column_text][vc_empty_space height=&#8221;70px&#8221;][\/vc_column][\/vc_row][vc_row][vc_column width=&#8221;1\/2&#8243;][vc_column_text] El seu objectiu principal \u00e9s donar visibilitat a joves creadors i creadores de dansa valencians\/es que han migrat (ja siga a altres ciutats d\u2019Espanya [&hellip;]<\/p>\n","protected":false},"author":4,"featured_media":0,"parent":0,"menu_order":0,"comment_status":"closed","ping_status":"closed","template":"","meta":{"footnotes":""},"class_list":["post-6641","page","type-page","status-publish","hentry"],"_links":{"self":[{"href":"https:\/\/migrats.es\/index.php?rest_route=\/wp\/v2\/pages\/6641","targetHints":{"allow":["GET"]}}],"collection":[{"href":"https:\/\/migrats.es\/index.php?rest_route=\/wp\/v2\/pages"}],"about":[{"href":"https:\/\/migrats.es\/index.php?rest_route=\/wp\/v2\/types\/page"}],"author":[{"embeddable":true,"href":"https:\/\/migrats.es\/index.php?rest_route=\/wp\/v2\/users\/4"}],"replies":[{"embeddable":true,"href":"https:\/\/migrats.es\/index.php?rest_route=%2Fwp%2Fv2%2Fcomments&post=6641"}],"version-history":[{"count":82,"href":"https:\/\/migrats.es\/index.php?rest_route=\/wp\/v2\/pages\/6641\/revisions"}],"predecessor-version":[{"id":6866,"href":"https:\/\/migrats.es\/index.php?rest_route=\/wp\/v2\/pages\/6641\/revisions\/6866"}],"wp:attachment":[{"href":"https:\/\/migrats.es\/index.php?rest_route=%2Fwp%2Fv2%2Fmedia&parent=6641"}],"curies":[{"name":"wp","href":"https:\/\/api.w.org\/{rel}","templated":true}]}}

<p>[vc_row][vc_column][vc_column_text]</p>
<h2 style="text-align: center;"><strong>QUI SOM I QUÈ FEM?</strong></h2>
<p>&nbsp;</p>
<p style="text-align: center;" data-start="41" data-end="209"><span style="font-size: 14pt;"><strong data-start="41" data-end="209">Migrats Dansa és un cicle anual de dansa contemporània emergent, organitzat pel col·lectiu Inestable juntament amb el Consorci de Museus de la Comunitat Valenciana.</strong></span></p>
<p>[/vc_column_text][vc_empty_space height=&#8221;70px&#8221;][/vc_column][/vc_row][vc_row][vc_column width=&#8221;1/2&#8243;][vc_column_text]</p>
<div class="wpb_text_column wpb_content_element ">
<div class="wpb_wrapper"></div>
<div class="wpb_wrapper">
<p style="text-align: center;" data-start="211" data-end="538"><span style="font-size: 12pt;">El seu objectiu principal és donar visibilitat a joves creadors i creadores de dansa valencians/es que han migrat (ja siga a altres ciutats d’Espanya o a l’estranger) per formar-se o desenvolupar-se professionalment, així com a talents que estan sorgint i que encara no han tingut moltes oportunitats de mostrar el seu treball.</span></p>
<p style="text-align: center;" data-start="540" data-end="760"><span style="font-size: 12pt;">Migrats Dansa busca generar un espai de diàleg i trobada entre artistes joves que venen de fora i les que continuen a la Comunitat Valenciana, promovent una escena de dansa diversa, experimental, moderna i internacional.</span></p>
<p style="text-align: center;" data-start="762" data-end="1066"><span style="font-size: 12pt;">Cada edició del cicle inclou principalment peces de format mitjà o curt, moltes d’elles de caràcter experimental, signades per joves menors de 35 anys. A més, el cicle també ofereix la <strong>beca Migrats</strong>, que permet a un o diversos creadors desenvolupar una peça llarga per estrenar-la en una edició posterior.</span></p>
<p style="text-align: center;" data-start="1068" data-end="1505"><span style="font-size: 12pt;">La programació de Migrats Dansa s’ha expandit amb els anys: no sols se celebra a <strong>València</strong> (en espais com el Centre del Carme o Inestable), sinó que també ha arribat a altres províncies valencianes, com <strong>Alacant i Castelló</strong>.<strong> </strong></span></p>
</div>
</div>
<p>[/vc_column_text][/vc_column][vc_column width=&#8221;1/2&#8243;][vc_empty_space height=&#8221;10px&#8221;][vc_images_carousel images=&#8221;6644,6649,6648,6646,6645,6647&#8243; img_size=&#8221;600&#215;1000&#8243; slides_per_view=&#8221;2&#8243; autoplay=&#8221;yes&#8221; wrap=&#8221;yes&#8221; css_animation=&#8221;fadeIn&#8221;][/vc_column][vc_column][vc_empty_space height=&#8221;45px&#8221;][vc_column_text]</p>
<h3 style="text-align: center;"><strong>PREUS</strong></h3>
<p style="text-align: center;"><span style="font-size: 12pt;">L’entrada les activitats és<strong> gratuïta</strong> en tots els espais <strong>excepte a Inestable</strong>, on la programació funciona amb preu d’entrada. Els imports i descomptes poden consultar-se directament en l’apartat ‘programació’.</span></p>
<p>[/vc_column_text][vc_empty_space height=&#8221;45px&#8221;][vc_images_carousel images=&#8221;6696,6695,6693,6694&#8243; img_size=&#8221;full&#8221; slides_per_view=&#8221;4&#8243; hide_prev_next_buttons=&#8221;yes&#8221;][/vc_column][/vc_row][vc_row][vc_column][vc_empty_space height=&#8221;80px&#8221;][vc_column_text]</p>
<p style="text-align: center;"><em><span style="font-size: 12pt;">Migrats Dansa és una oportunitat perfecta per descobrir l’energia, el risc i la creativitat de la dansa valenciana més jove. Si t’interessa la creació contemporània o simplement vols deixar-te sorprendre, aquest cicle és una porta oberta a noves mirades, nous cossos i noves maneres d’entendre el moviment. T’invitem a explorar-lo i viure’l de prop.</span></em></p>
<p>[/vc_column_text][/vc_column][/vc_row]</p>

<p>[vc_row][vc_column][vc_column_text] QUI SOM I QUÈ FEM? &nbsp; Migrats Dansa és un cicle anual de dansa contemporània emergent, organitzat pel col·lectiu Inestable juntament amb el Consorci de Museus de la Comunitat Valenciana. [/vc_column_text][vc_empty_space height=&#8221;70px&#8221;][/vc_column][/vc_row][vc_row][vc_column width=&#8221;1/2&#8243;][vc_column_text] El seu objectiu principal és donar visibilitat a joves creadors i creadores de dansa valencians/es que han migrat (ja siga a altres ciutats d’Espanya [&hellip;]</p>
