{"id":6286,"date":"2025-08-21T08:45:22","date_gmt":"2025-08-21T08:45:22","guid":{"rendered":"https:\/\/migrats.es\/?page_id=6286"},"modified":"2026-01-29T10:21:14","modified_gmt":"2026-01-29T10:21:14","slug":"home-pagina-principal","status":"publish","type":"page","link":"https:\/\/migrats.es\/","title":{"rendered":"HOME p\u00e1gina principal"},"content":{"rendered":"<p>[vc_row][vc_column]<div class=\"mkdf-banner-holder  mkdf-visible-on-hover mkdf-banner-info-centered\">\n    <div class=\"mkdf-banner-image\">\n        <img loading=\"lazy\" decoding=\"async\" width=\"2560\" height=\"711\" src=\"https:\/\/migrats.es\/wp-content\/uploads\/2025\/08\/Sin-titulo-72-x-20-in-scaled.png\" class=\"attachment-full size-full\" alt=\"\" srcset=\"https:\/\/migrats.es\/wp-content\/uploads\/2025\/08\/Sin-titulo-72-x-20-in-scaled.png 2560w, https:\/\/migrats.es\/wp-content\/uploads\/2025\/08\/Sin-titulo-72-x-20-in-300x83.png 300w, https:\/\/migrats.es\/wp-content\/uploads\/2025\/08\/Sin-titulo-72-x-20-in-1024x284.png 1024w, https:\/\/migrats.es\/wp-content\/uploads\/2025\/08\/Sin-titulo-72-x-20-in-768x213.png 768w, https:\/\/migrats.es\/wp-content\/uploads\/2025\/08\/Sin-titulo-72-x-20-in-1536x427.png 1536w\" sizes=\"auto, (max-width: 2560px) 100vw, 2560px\" \/>    <\/div>\n    <div class=\"mkdf-banner-text-holder\" >\n\t    <div class=\"mkdf-banner-text-outer mkdf-banner-full-width\">\n\t\t    <div class=\"mkdf-banner-text-inner\">\n\t\t\t    \t\t        \t\t\t\t\t\t\t<\/div>\n\t\t<\/div>\n\t<\/div>\n\t<\/div>[\/vc_column][\/vc_row][vc_row][vc_column][vc_empty_space height=&#8221;100px&#8221;]<div class=\"mkdf-section-title-holder  mkdf-st-standard mkdf-st-title-left mkdf-st-normal-space \" style=\"text-align: center\">\n\t<div class=\"mkdf-st-inner\">\n\t\t\t\t\t<h4 class=\"mkdf-st-title\" >\n\t\t\t\tIX Edici\u00f3\t\t\t<\/h4>\n\t\t\t\t\t<\/div>\n<\/div>[vc_empty_space height=&#8221;50px&#8221;][vc_column_text]<\/p>\n<p style=\"text-align: center;\"><span style=\"font-size: 12pt;\">Cicle de dansa contempor\u00e0nia de peces en format mitj\u00e0 de joves creadors i creadores organitzat per Espai Inestable i el CCCC Centre del Carme Cultura Contempor\u00e0nia. L\u2019objectiu del cicle \u00e9s generar un context que done visibilitat a core\u00f2grafs i cogre\u00f2grafes del territori que han emigrat a altres pa\u00efsos b\u00e9 per a continuar formant-se o per a desenvolupar la seua activitat professional a l\u2019estranger, i promoure un di\u00e0leg entre aquestes i altres creadores joves del territori que comencen ara la seua traject\u00f2ria. En la seua VI edici\u00f3 busca consolidar-se com a espai de la creaci\u00f3 de la dansa emergent.<\/span><\/p>\n<p>&nbsp;<\/p>\n<p style=\"text-align: center;\" data-start=\"113\" data-end=\"380\"><span style=\"font-size: 12pt;\">La majoria d\u2019activitats de <em data-start=\"140\" data-end=\"149\">Migrats<\/em> s\u00f3n d\u2019acc\u00e9s gratu\u00eft i no cal entrada pr\u00e8via: nom\u00e9s has d\u2019acudir directament a l\u2019espai on es realitza cada pe\u00e7a. L\u2019\u00fanica excepci\u00f3 \u00e9s <strong data-start=\"284\" data-end=\"303\">Espai Inestable<\/strong>, on el preu pot variar; pots consultar-lo en el moment de comprar l\u2019entrada.<\/span><\/p>\n<p style=\"text-align: center;\" data-start=\"382\" data-end=\"515\"><span style=\"font-size: 12pt;\">Pots descarregar el <strong data-start=\"402\" data-end=\"433\">PDF amb tota la programaci\u00f3<\/strong>, on trobar\u00e0s l\u2019horari, el lloc, la pe\u00e7a i la creadora o creador de cada proposta.<\/span><\/p>\n<p>[\/vc_column_text][vc_empty_space][\/vc_column][\/vc_row][vc_row][vc_column width=&#8221;1\/3&#8243;][vc_empty_space][\/vc_column][vc_column width=&#8221;1\/3&#8243;]<a itemprop=\"url\" href=\"https:\/\/migrats.es\/wp-content\/uploads\/2018\/05\/MIGRATS_2025_Programacion_A1.pdf\" target=\"_blank\" style=\"color: #ce216c\" class=\"mkdf-btn mkdf-btn-large mkdf-btn-solid mkdf-btn-icon mkdf-btn-animation\"  >\n\t\t<span class=\"mkdf-btn-text\">PROGRAMACI\u00d3<\/span>\n    <i class=\"mkdf-icon-font-awesome fa fa-calendar \" ><\/i><\/a>[\/vc_column][vc_column width=&#8221;1\/3&#8243;][vc_empty_space height=&#8221;80px&#8221; css=&#8221;.vc_custom_1763307383307{padding-right: px !important;}&#8221;][\/vc_column][\/vc_row][vc_row][vc_column][vc_empty_space height=&#8221;80px&#8221;]<div class=\"mkdf-section-title-holder  mkdf-st-standard mkdf-st-title-left mkdf-st-normal-space \" style=\"text-align: center\">\n\t<div class=\"mkdf-st-inner\">\n\t\t\t\t\t<h2 class=\"mkdf-st-title\" >\n\t\t\t\t08 - 30 nov\t\t\t<\/h2>\n\t\t\t\t\t\t\t<h5 class=\"mkdf-st-text\" >\n\t\t\t\t2025\t\t\t<\/h5>\n\t\t\t<\/div>\n<\/div>[vc_empty_space height=&#8221;120px&#8221;][\/vc_column][\/vc_row][vc_row][vc_column][vc_empty_space height=&#8221;140px&#8221;][\/vc_column][\/vc_row][vc_row][vc_column][vc_text_separator title=&#8221;Organitza&#8221; title_align=&#8221;separator_align_left&#8221; color=&#8221;white&#8221; css_animation=&#8221;fadeIn&#8221;][vc_empty_space][\/vc_column][\/vc_row][vc_row][vc_column][vc_gallery type=&#8221;image_grid&#8221; images=&#8221;5419,5418,6415,6417&#8243; onclick=&#8221;custom_link&#8221; custom_links_target=&#8221;_blank&#8221; css_animation=&#8221;fadeIn&#8221;][\/vc_column][\/vc_row][vc_row][vc_column][vc_empty_space][vc_text_separator title=&#8221;Subvenciona a projecte inestable&#8221; title_align=&#8221;separator_align_left&#8221; color=&#8221;white&#8221; css_animation=&#8221;fadeIn&#8221;][vc_empty_space height=&#8221;50px&#8221;][\/vc_column][\/vc_row][vc_row][vc_column][vc_gallery type=&#8221;image_grid&#8221; images=&#8221;5416,5420,6738&#8243; img_size=&#8221;medium&#8221; onclick=&#8221;custom_link&#8221; custom_links_target=&#8221;_blank&#8221; css_animation=&#8221;fadeIn&#8221;][\/vc_column][\/vc_row][vc_row][vc_column][vc_empty_space height=&#8221;60px&#8221;][\/vc_column][\/vc_row][vc_row][vc_column][vc_text_separator title=&#8221;Col\u00b7labora&#8221; title_align=&#8221;separator_align_left&#8221; color=&#8221;white&#8221; css_animation=&#8221;fadeIn&#8221;][vc_empty_space height=&#8221;40px&#8221;][vc_gallery type=&#8221;image_grid&#8221; images=&#8221;5617,5618&#8243; onclick=&#8221;custom_link&#8221; css_animation=&#8221;fadeIn&#8221;][\/vc_column][\/vc_row]<\/p>\n","protected":false},"excerpt":{"rendered":"<p>[vc_row][vc_column][\/vc_column][\/vc_row][vc_row][vc_column][vc_empty_space height=&#8221;100px&#8221;][vc_empty_space height=&#8221;50px&#8221;][vc_column_text] Cicle de dansa contempor\u00e0nia de peces en format mitj\u00e0 de joves creadors i creadores organitzat per Espai Inestable i el CCCC Centre del Carme Cultura Contempor\u00e0nia. L\u2019objectiu del cicle \u00e9s generar un context que done visibilitat a core\u00f2grafs i cogre\u00f2grafes del territori que han emigrat a altres pa\u00efsos b\u00e9 per a continuar formant-se o per [&hellip;]<\/p>\n","protected":false},"author":4,"featured_media":0,"parent":0,"menu_order":0,"comment_status":"closed","ping_status":"closed","template":"","meta":{"footnotes":""},"class_list":["post-6286","page","type-page","status-publish","hentry"],"_links":{"self":[{"href":"https:\/\/migrats.es\/index.php?rest_route=\/wp\/v2\/pages\/6286","targetHints":{"allow":["GET"]}}],"collection":[{"href":"https:\/\/migrats.es\/index.php?rest_route=\/wp\/v2\/pages"}],"about":[{"href":"https:\/\/migrats.es\/index.php?rest_route=\/wp\/v2\/types\/page"}],"author":[{"embeddable":true,"href":"https:\/\/migrats.es\/index.php?rest_route=\/wp\/v2\/users\/4"}],"replies":[{"embeddable":true,"href":"https:\/\/migrats.es\/index.php?rest_route=%2Fwp%2Fv2%2Fcomments&post=6286"}],"version-history":[{"count":25,"href":"https:\/\/migrats.es\/index.php?rest_route=\/wp\/v2\/pages\/6286\/revisions"}],"predecessor-version":[{"id":6750,"href":"https:\/\/migrats.es\/index.php?rest_route=\/wp\/v2\/pages\/6286\/revisions\/6750"}],"wp:attachment":[{"href":"https:\/\/migrats.es\/index.php?rest_route=%2Fwp%2Fv2%2Fmedia&parent=6286"}],"curies":[{"name":"wp","href":"https:\/\/api.w.org\/{rel}","templated":true}]}}